{"id":6633,"date":"2023-11-02T14:08:42","date_gmt":"2023-11-02T14:08:42","guid":{"rendered":"https:\/\/www.maldingen.be\/?page_id=6633"},"modified":"2023-12-02T11:20:51","modified_gmt":"2023-12-02T11:20:51","slug":"preisverleihung-des-europaeischen-dorfwettbewerbs","status":"publish","type":"page","link":"https:\/\/www.maldingen.be\/index.php\/vereine\/dorfgemeinschaft-maldingen-v-o-g\/preisverleihung-des-europaeischen-dorfwettbewerbs\/","title":{"rendered":"Preisverleihung des europ\u00e4ischen Dorfwettbewerbs 2014"},"content":{"rendered":"\t\t<div data-elementor-type=\"wp-page\" data-elementor-id=\"6633\" class=\"elementor elementor-6633\">\n\t\t\t\t<div class=\"elementor-element elementor-element-c7c5897 e-flex e-con-boxed e-con e-parent\" data-id=\"c7c5897\" data-element_type=\"container\" data-e-type=\"container\">\n\t\t\t\t\t<div class=\"e-con-inner\">\n\t\t<div class=\"elementor-element elementor-element-8351792 e-con-full e-flex e-con e-child\" data-id=\"8351792\" data-element_type=\"container\" data-e-type=\"container\">\n\t\t\t\t<div class=\"elementor-element elementor-element-44abf34 elementor-widget elementor-widget-text-editor\" data-id=\"44abf34\" data-element_type=\"widget\" data-e-type=\"widget\" data-widget_type=\"text-editor.default\">\n\t\t\t\t<div class=\"elementor-widget-container\">\n\t\t\t\t\t\t\t\t\t<p><strong>Dorfwettbewerb: Vertreter aus Maldingen bei Preisverleihung<\/strong><\/p><p><strong>Auszeichnung f\u00fcr Maldingen: Bei der Preisverleihung des europ\u00e4ischen Dorfwettbewerbs in der Schweiz wurde das Dorf f\u00fcr seine aktive Dorfgemeinschaft und seine zukunftsweisenden Intiativen geehrt.<\/strong><\/p>\t\t\t\t\t\t\t\t<\/div>\n\t\t\t\t<\/div>\n\t\t\t\t<\/div>\n\t\t<div class=\"elementor-element elementor-element-fa77b2e e-con-full e-flex e-con e-child\" data-id=\"fa77b2e\" data-element_type=\"container\" data-e-type=\"container\">\n\t\t\t\t<div class=\"elementor-element elementor-element-2e080f2 elementor-widget elementor-widget-wp-widget-nav_menu\" data-id=\"2e080f2\" data-element_type=\"widget\" data-e-type=\"widget\" data-widget_type=\"wp-widget-nav_menu.default\">\n\t\t\t\t<div class=\"elementor-widget-container\">\n\t\t\t\t\t<div class=\"menu-dorfgemeinschaft-container\"><ul id=\"menu-dorfgemeinschaft\" class=\"menu\"><li id=\"menu-item-6583\" class=\"menu-item menu-item-type-post_type menu-item-object-page menu-item-6583\"><a href=\"https:\/\/www.maldingen.be\/index.php\/vereine\/dorfgemeinschaft-maldingen-v-o-g\/\">Dorfgemeinschaft Maldingen V.o.G.<\/a><\/li>\n<li id=\"menu-item-6629\" class=\"menu-item menu-item-type-post_type menu-item-object-page menu-item-6629\"><a href=\"https:\/\/www.maldingen.be\/index.php\/vereine\/dorfgemeinschaft-maldingen-v-o-g\/ansprechpartner\/\">Ansprechpartner<\/a><\/li>\n<li id=\"menu-item-6642\" class=\"menu-item menu-item-type-post_type menu-item-object-page menu-item-6642\"><a href=\"https:\/\/www.maldingen.be\/index.php\/vereine\/dorfgemeinschaft-maldingen-v-o-g\/preisverleihung-des-europaeischen-dorfwettbewerbs\/\">Preisverleihung Dorfwettbewerb<\/a><\/li>\n<li id=\"menu-item-6654\" class=\"menu-item menu-item-type-post_type menu-item-object-page menu-item-6654\"><a href=\"https:\/\/www.maldingen.be\/index.php\/vereine\/dorfgemeinschaft-maldingen-v-o-g\/dorfwettbewerb-sieger-2013\/\">Dorfwettbewerb \u2013 Sieger 2013<\/a><\/li>\n<li id=\"menu-item-6663\" class=\"menu-item menu-item-type-post_type menu-item-object-page menu-item-6663\"><a href=\"https:\/\/www.maldingen.be\/index.php\/vereine\/dorfgemeinschaft-maldingen-v-o-g\/urspruengliche-ziele-2011\/\">Urspr\u00fcngliche Ziele 2011<\/a><\/li>\n<\/ul><\/div>\t\t\t\t<\/div>\n\t\t\t\t<\/div>\n\t\t\t\t<\/div>\n\t\t\t\t\t<\/div>\n\t\t\t\t<\/div>\n\t\t<div class=\"elementor-element elementor-element-62e8d9e e-flex e-con-boxed e-con e-parent\" data-id=\"62e8d9e\" data-element_type=\"container\" data-e-type=\"container\">\n\t\t\t\t\t<div class=\"e-con-inner\">\n\t\t\t\t<div class=\"elementor-element elementor-element-6c2715b elementor-widget elementor-widget-image\" data-id=\"6c2715b\" data-element_type=\"widget\" data-e-type=\"widget\" data-widget_type=\"image.default\">\n\t\t\t\t<div class=\"elementor-widget-container\">\n\t\t\t\t\t\t\t\t\t\t\t\t\t\t\t<img fetchpriority=\"high\" decoding=\"async\" width=\"600\" height=\"423\" src=\"https:\/\/www.maldingen.be\/wp-content\/uploads\/2023\/11\/Maldingen-600x423-1.jpg\" class=\"attachment-large size-large wp-image-6635\" alt=\"\" srcset=\"https:\/\/www.maldingen.be\/wp-content\/uploads\/2023\/11\/Maldingen-600x423-1.jpg 600w, https:\/\/www.maldingen.be\/wp-content\/uploads\/2023\/11\/Maldingen-600x423-1-300x212.jpg 300w\" sizes=\"(max-width: 600px) 100vw, 600px\" \/>\t\t\t\t\t\t\t\t\t\t\t\t\t\t\t<\/div>\n\t\t\t\t<\/div>\n\t\t\t\t\t<\/div>\n\t\t\t\t<\/div>\n\t\t<div class=\"elementor-element elementor-element-9879965 e-flex e-con-boxed e-con e-parent\" data-id=\"9879965\" data-element_type=\"container\" data-e-type=\"container\">\n\t\t\t\t\t<div class=\"e-con-inner\">\n\t\t\t\t<div class=\"elementor-element elementor-element-4d46aae elementor-widget elementor-widget-text-editor\" data-id=\"4d46aae\" data-element_type=\"widget\" data-e-type=\"widget\" data-widget_type=\"text-editor.default\">\n\t\t\t\t<div class=\"elementor-widget-container\">\n\t\t\t\t\t\t\t\t\t<p>Rund 50 Vertreter aus Maldingen haben an der Preisverleihung des europ\u00e4ischen Dorfwettbewerbs in Vals in der Schweiz teilgenommen. Maldingen wurde f\u00fcr seine aktive Dorfgemeinschaft und seine zukunftsweisenden Initiativen ausgezeichnet.<\/p><p>Wichtig war den Maldingern in Vals aber vor allem der Austausch mit anderen Akteuren der Dorfentwicklung. Im kommenden Jahr findet in Ostbelgien die siebte Auflage des Wettbewerbes \u201eUnser Dorf soll Zukunft haben\u201c statt.<\/p><p>Quelle: www.brf.be 16.9.2014<\/p><div id=\"ConnectiveDocSignExtentionInstalled\" data-extension-version=\"1.0.4\">\u00a0<\/div>\t\t\t\t\t\t\t\t<\/div>\n\t\t\t\t<\/div>\n\t\t\t\t\t<\/div>\n\t\t\t\t<\/div>\n\t\t<div class=\"elementor-element elementor-element-3032244 e-flex e-con-boxed e-con e-parent\" data-id=\"3032244\" data-element_type=\"container\" data-e-type=\"container\">\n\t\t\t\t\t<div class=\"e-con-inner\">\n\t\t\t\t<div class=\"elementor-element elementor-element-4fcd481 elementor-widget elementor-widget-text-editor\" data-id=\"4fcd481\" data-element_type=\"widget\" data-e-type=\"widget\" data-widget_type=\"text-editor.default\">\n\t\t\t\t<div class=\"elementor-widget-container\">\n\t\t\t\t\t\t\t\t\t<div class=\"zpColumnItem\"><div id=\"a2111\" class=\"articlearea zpwText\" data-article-id=\"2111\" data-zpleid=\"2111\"><h2 data-zpfieldname=\"headline\">Gemeindepower: Maldingen &#8211; Der Dorfgeist geht um<\/h2><\/div><\/div><div id=\"ConnectiveDocSignExtentionInstalled\" data-extension-version=\"1.0.4\">\u00a0<\/div>\t\t\t\t\t\t\t\t<\/div>\n\t\t\t\t<\/div>\n\t\t\t\t\t<\/div>\n\t\t\t\t<\/div>\n\t\t<div class=\"elementor-element elementor-element-7e124c2 e-flex e-con-boxed e-con e-parent\" data-id=\"7e124c2\" data-element_type=\"container\" data-e-type=\"container\">\n\t\t\t\t\t<div class=\"e-con-inner\">\n\t\t\t\t<div class=\"elementor-element elementor-element-2a30822 elementor-widget elementor-widget-image\" data-id=\"2a30822\" data-element_type=\"widget\" data-e-type=\"widget\" data-widget_type=\"image.default\">\n\t\t\t\t<div class=\"elementor-widget-container\">\n\t\t\t\t\t\t\t\t\t\t\t\t\t\t\t<img decoding=\"async\" width=\"744\" height=\"400\" src=\"https:\/\/www.maldingen.be\/wp-content\/uploads\/2023\/11\/eingefuegt-am-22.05.2021.png\" class=\"attachment-large size-large wp-image-6636\" alt=\"\" srcset=\"https:\/\/www.maldingen.be\/wp-content\/uploads\/2023\/11\/eingefuegt-am-22.05.2021.png 744w, https:\/\/www.maldingen.be\/wp-content\/uploads\/2023\/11\/eingefuegt-am-22.05.2021-300x161.png 300w\" sizes=\"(max-width: 744px) 100vw, 744px\" \/>\t\t\t\t\t\t\t\t\t\t\t\t\t\t\t<\/div>\n\t\t\t\t<\/div>\n\t\t\t\t\t<\/div>\n\t\t\t\t<\/div>\n\t\t<div class=\"elementor-element elementor-element-936314a e-flex e-con-boxed e-con e-parent\" data-id=\"936314a\" data-element_type=\"container\" data-e-type=\"container\">\n\t\t\t\t\t<div class=\"e-con-inner\">\n\t\t\t\t<div class=\"elementor-element elementor-element-771bd28 elementor-widget elementor-widget-text-editor\" data-id=\"771bd28\" data-element_type=\"widget\" data-e-type=\"widget\" data-widget_type=\"text-editor.default\">\n\t\t\t\t<div class=\"elementor-widget-container\">\n\t\t\t\t\t\t\t\t\t<h3>Er steigt nicht aus den umliegenden H\u00fcgelgr\u00e4bern \u2013 der Dorfgeist im kleinen ostbelgischen Eifeld\u00f6rfchen. Er treibt auch kein okkultes Unwesen. Nein, er lebt in einer aktiven Dorfgruppe und befl\u00fcgelt die innovative Gemeinde seit Jahren. Es sind, wenn alle kommen, 22 Dorfgeister, die das gesellschaftliche und kulturelle Zusammenleben pr\u00e4gen. Auch der baulichen Gemeindeentwicklung verleihen sie ehrenamtlich Aufschwung.<\/h3><div id=\"ConnectiveDocSignExtentionInstalled\" data-extension-version=\"1.0.4\">\u00a0<\/div>\t\t\t\t\t\t\t\t<\/div>\n\t\t\t\t<\/div>\n\t\t\t\t\t<\/div>\n\t\t\t\t<\/div>\n\t\t<div class=\"elementor-element elementor-element-2e43fc6 e-flex e-con-boxed e-con e-parent\" data-id=\"2e43fc6\" data-element_type=\"container\" data-e-type=\"container\">\n\t\t\t\t\t<div class=\"e-con-inner\">\n\t\t\t\t<div class=\"elementor-element elementor-element-7348efd elementor-widget elementor-widget-text-editor\" data-id=\"7348efd\" data-element_type=\"widget\" data-e-type=\"widget\" data-widget_type=\"text-editor.default\">\n\t\t\t\t<div class=\"elementor-widget-container\">\n\t\t\t\t\t\t\t\t\t<p>Im 390-Seelendorf hart an der luxemburgischen Grenze schaffen Handel und Gewerbe gut 120 Arbeitspl\u00e4tze. Die Palette von 13 Betrieben reicht vom Friseursalon zum Bauunternehmer, vom Lebensmittelgesch\u00e4ft bis zum Backwarenladen, vom Schreiner bis zum Installateur usw. Wundert man sich da noch, dass auch 2 Gastst\u00e4tten mit Kegelbahn und Saal sowie 10 Vereine zum leutseligen Dorf geh\u00f6ren. Die Dorfgruppe, die sich regelm\u00e4ssig trifft und zusammen mit Bewohnern und einem Fachberater Ideen und L\u00f6sungen entwickelt, setzt sich aus Mitgliedern dieser Vereine zusammen. Wenn also u.a. Angeh\u00f6rige des k\u00f6niglichen Junggesellenvereins St. Aloysius, des Echos vom Hochtumskopf zusammen mit Frauen in Bewegung, dem Kirchenfabrikanten und vielen anderen mehr, mit grossem Aufwand einen historischen Dorfplatz renovieren, die Verkehrsberuhigung angehen, die Baulandoptimierung und viele weitere Dinge vorantreiben, ist das Grund genug auch einen europ\u00e4ischen Dorfwettbewerb zu gewinnen.<\/p><p>Mitte Juni sind die Maldinger zu Gast am 1. Europ\u00e4ischen Forum Gemeindepower in CH-9216 Hohentannen. \u201eLernen voneinander\u201c heisst im Austausch von einem Dutzend innovativer Gemeinden das Tagungsmotto. Auch die ostbelgische Vice-Ministerpr\u00e4sidentin und Ministerin f\u00fcr Kultur, Besch\u00e4ftigung und Tourismus, Frau Isabelle Weykmans, freut sich, wenn neue Impulse und Ideen ins Land zur\u00fcckfliessen. Die F\u00f6rderung des l\u00e4ndlichen Raumes hat sich die ostbelgische Regierung mit ihrem Leitbild und dem regionalen Entwicklungskonzept schon lange auf die Fahne geschrieben. Die D\u00f6rfer unterst\u00fctzt sie dabei \u00fcber die l\u00e4ndlichen Gilden nachhaltig.<\/p><p>Von Ren\u00e9 Meier<\/p><p>Quelle: https:\/\/www.linkedin.com\/pulse\/gemeindepower-maldingen-der-dorfgeist-geht-um-ren\u00e9-meier<\/p><div id=\"ConnectiveDocSignExtentionInstalled\" data-extension-version=\"1.0.4\">\u00a0<\/div>\t\t\t\t\t\t\t\t<\/div>\n\t\t\t\t<\/div>\n\t\t\t\t\t<\/div>\n\t\t\t\t<\/div>\n\t\t<div class=\"elementor-element elementor-element-1581c96 e-flex e-con-boxed e-con e-parent\" data-id=\"1581c96\" data-element_type=\"container\" data-e-type=\"container\">\n\t\t\t\t\t<div class=\"e-con-inner\">\n\t\t\t\t<div class=\"elementor-element elementor-element-b3def0e elementor-widget elementor-widget-text-editor\" data-id=\"b3def0e\" data-element_type=\"widget\" data-e-type=\"widget\" data-widget_type=\"text-editor.default\">\n\t\t\t\t<div class=\"elementor-widget-container\">\n\t\t\t\t\t\t\t\t\t<h2 data-zpfieldname=\"headline\">1. Europ\u00e4isches Forum Gemeindepower: Ostbelgien in der Ostschweiz<\/h2><div id=\"ConnectiveDocSignExtentionInstalled\" data-extension-version=\"1.0.4\">\u00a0<\/div>\t\t\t\t\t\t\t\t<\/div>\n\t\t\t\t<\/div>\n\t\t\t\t\t<\/div>\n\t\t\t\t<\/div>\n\t\t<div class=\"elementor-element elementor-element-424b9a4 e-flex e-con-boxed e-con e-parent\" data-id=\"424b9a4\" data-element_type=\"container\" data-e-type=\"container\">\n\t\t\t\t\t<div class=\"e-con-inner\">\n\t\t\t\t<div class=\"elementor-element elementor-element-185bbdb elementor-widget elementor-widget-image\" data-id=\"185bbdb\" data-element_type=\"widget\" data-e-type=\"widget\" data-widget_type=\"image.default\">\n\t\t\t\t<div class=\"elementor-widget-container\">\n\t\t\t\t\t\t\t\t\t\t\t\t\t\t\t<img decoding=\"async\" width=\"744\" height=\"400\" src=\"https:\/\/www.maldingen.be\/wp-content\/uploads\/2023\/11\/eingefuegt-am-22.05.2023.png\" class=\"attachment-large size-large wp-image-6637\" alt=\"\" srcset=\"https:\/\/www.maldingen.be\/wp-content\/uploads\/2023\/11\/eingefuegt-am-22.05.2023.png 744w, https:\/\/www.maldingen.be\/wp-content\/uploads\/2023\/11\/eingefuegt-am-22.05.2023-300x161.png 300w\" sizes=\"(max-width: 744px) 100vw, 744px\" \/>\t\t\t\t\t\t\t\t\t\t\t\t\t\t\t<\/div>\n\t\t\t\t<\/div>\n\t\t\t\t\t<\/div>\n\t\t\t\t<\/div>\n\t\t<div class=\"elementor-element elementor-element-86e95af e-flex e-con-boxed e-con e-parent\" data-id=\"86e95af\" data-element_type=\"container\" data-e-type=\"container\">\n\t\t\t\t\t<div class=\"e-con-inner\">\n\t\t\t\t<div class=\"elementor-element elementor-element-e9bd1bd elementor-widget elementor-widget-text-editor\" data-id=\"e9bd1bd\" data-element_type=\"widget\" data-e-type=\"widget\" data-widget_type=\"text-editor.default\">\n\t\t\t\t<div class=\"elementor-widget-container\">\n\t\t\t\t\t\t\t\t\t<h3>\u00dcbers Wochenende trafen sich im schweizerischen Hohentannen 14 innovative Gemeinden aus dem deutsch sprechenden Europa zu einem Erfahrungsaustausch \u00fcber erfolgreiche Dorfentwicklung. \u00dcber 100 Teilnehmende erlebten 2 spannende und ertragreiche Tage. Mitten unter ihnen auch die Vertreter von Maldingen (B), die mit ihrem Ansatz und ihren Projekten auf grosses Echo stiessen. Mit neuen Ideen kehrte die Gruppe ins Grenzland zur\u00fcck.<\/h3><div id=\"ConnectiveDocSignExtentionInstalled\" data-extension-version=\"1.0.4\">\u00a0<\/div>\t\t\t\t\t\t\t\t<\/div>\n\t\t\t\t<\/div>\n\t\t\t\t\t<\/div>\n\t\t\t\t<\/div>\n\t\t<div class=\"elementor-element elementor-element-db0e9d5 e-flex e-con-boxed e-con e-parent\" data-id=\"db0e9d5\" data-element_type=\"container\" data-e-type=\"container\">\n\t\t\t\t\t<div class=\"e-con-inner\">\n\t\t\t\t<div class=\"elementor-element elementor-element-fdba716 elementor-widget elementor-widget-image\" data-id=\"fdba716\" data-element_type=\"widget\" data-e-type=\"widget\" data-widget_type=\"image.default\">\n\t\t\t\t<div class=\"elementor-widget-container\">\n\t\t\t\t\t\t\t\t\t\t\t\t\t\t\t<img loading=\"lazy\" decoding=\"async\" width=\"783\" height=\"1024\" src=\"https:\/\/www.maldingen.be\/wp-content\/uploads\/2023\/11\/eingefuegt-am-22.05.2024-783x1024.png\" class=\"attachment-large size-large wp-image-6638\" alt=\"\" srcset=\"https:\/\/www.maldingen.be\/wp-content\/uploads\/2023\/11\/eingefuegt-am-22.05.2024-783x1024.png 783w, https:\/\/www.maldingen.be\/wp-content\/uploads\/2023\/11\/eingefuegt-am-22.05.2024-230x300.png 230w, https:\/\/www.maldingen.be\/wp-content\/uploads\/2023\/11\/eingefuegt-am-22.05.2024-768x1004.png 768w, https:\/\/www.maldingen.be\/wp-content\/uploads\/2023\/11\/eingefuegt-am-22.05.2024.png 873w\" sizes=\"(max-width: 783px) 100vw, 783px\" \/>\t\t\t\t\t\t\t\t\t\t\t\t\t\t\t<\/div>\n\t\t\t\t<\/div>\n\t\t\t\t\t<\/div>\n\t\t\t\t<\/div>\n\t\t<div class=\"elementor-element elementor-element-54862d7 e-flex e-con-boxed e-con e-parent\" data-id=\"54862d7\" data-element_type=\"container\" data-e-type=\"container\">\n\t\t\t\t\t<div class=\"e-con-inner\">\n\t\t\t\t<div class=\"elementor-element elementor-element-4355f72 elementor-widget elementor-widget-text-editor\" data-id=\"4355f72\" data-element_type=\"widget\" data-e-type=\"widget\" data-widget_type=\"text-editor.default\">\n\t\t\t\t<div class=\"elementor-widget-container\">\n\t\t\t\t\t\t\t\t\t<p>Von Ren\u00e9 Meier<\/p><p>Quelle: https:\/\/www.linkedin.com\/pulse\/1-europ\u00e4isches-forum-gemeindepower-ostbelgien-der-ostschweiz-meier<\/p><div id=\"ConnectiveDocSignExtentionInstalled\" data-extension-version=\"1.0.4\">\u00a0<\/div>\t\t\t\t\t\t\t\t<\/div>\n\t\t\t\t<\/div>\n\t\t\t\t\t<\/div>\n\t\t\t\t<\/div>\n\t\t\t\t<\/div>\n\t\t","protected":false},"excerpt":{"rendered":"<p>Dorfwettbewerb: Vertreter aus Maldingen bei Preisverleihung Auszeichnung f\u00fcr Maldingen: Bei der Preisverleihung des europ\u00e4ischen Dorfwettbewerbs in der Schweiz wurde das Dorf f\u00fcr seine aktive Dorfgemeinschaft und seine zukunftsweisenden Intiativen geehrt. Rund 50 Vertreter aus Maldingen haben an der Preisverleihung des europ\u00e4ischen Dorfwettbewerbs in Vals in der Schweiz teilgenommen. Maldingen wurde f\u00fcr seine aktive Dorfgemeinschaft und &hellip;<\/p>\n","protected":false},"author":1,"featured_media":0,"parent":6580,"menu_order":0,"comment_status":"closed","ping_status":"closed","template":"template-fullwidth.php","meta":{"_mc_calendar":[],"footnotes":""},"class_list":["post-6633","page","type-page","status-publish","hentry"],"_links":{"self":[{"href":"https:\/\/www.maldingen.be\/index.php\/wp-json\/wp\/v2\/pages\/6633","targetHints":{"allow":["GET"]}}],"collection":[{"href":"https:\/\/www.maldingen.be\/index.php\/wp-json\/wp\/v2\/pages"}],"about":[{"href":"https:\/\/www.maldingen.be\/index.php\/wp-json\/wp\/v2\/types\/page"}],"author":[{"embeddable":true,"href":"https:\/\/www.maldingen.be\/index.php\/wp-json\/wp\/v2\/users\/1"}],"replies":[{"embeddable":true,"href":"https:\/\/www.maldingen.be\/index.php\/wp-json\/wp\/v2\/comments?post=6633"}],"version-history":[{"count":8,"href":"https:\/\/www.maldingen.be\/index.php\/wp-json\/wp\/v2\/pages\/6633\/revisions"}],"predecessor-version":[{"id":7457,"href":"https:\/\/www.maldingen.be\/index.php\/wp-json\/wp\/v2\/pages\/6633\/revisions\/7457"}],"up":[{"embeddable":true,"href":"https:\/\/www.maldingen.be\/index.php\/wp-json\/wp\/v2\/pages\/6580"}],"wp:attachment":[{"href":"https:\/\/www.maldingen.be\/index.php\/wp-json\/wp\/v2\/media?parent=6633"}],"curies":[{"name":"wp","href":"https:\/\/api.w.org\/{rel}","templated":true}]}}