{"id":6814,"date":"2023-11-03T13:40:03","date_gmt":"2023-11-03T13:40:03","guid":{"rendered":"https:\/\/www.maldingen.be\/?page_id=6814"},"modified":"2023-12-02T11:25:12","modified_gmt":"2023-12-02T11:25:12","slug":"sternsinger-1","status":"publish","type":"page","link":"https:\/\/www.maldingen.be\/index.php\/brauchtum-2\/sternsinger-1\/","title":{"rendered":"Sternsinger"},"content":{"rendered":"\t\t<div data-elementor-type=\"wp-page\" data-elementor-id=\"6814\" class=\"elementor elementor-6814\">\n\t\t\t\t<div class=\"elementor-element elementor-element-0cab5f7 e-flex e-con-boxed e-con e-parent\" data-id=\"0cab5f7\" data-element_type=\"container\" data-e-type=\"container\">\n\t\t\t\t\t<div class=\"e-con-inner\">\n\t\t\t\t<div class=\"elementor-element elementor-element-9dc2044 elementor-widget elementor-widget-text-editor\" data-id=\"9dc2044\" data-element_type=\"widget\" data-e-type=\"widget\" data-widget_type=\"text-editor.default\">\n\t\t\t\t<div class=\"elementor-widget-container\">\n\t\t\t\t\t\t\t\t\t<p>Am Samstag des Dreik\u00f6nigsfests ziehen die Jungen und M\u00e4dchen als die &#8220;Heiligen drei K\u00f6nige&#8221; verkleidet durch Maldingen und bringen den Menschen den Sternsingersegen. Dabei schreiben sie mit Kreide auf die Haust\u00fcr den alten Segenspruch: 20 * C + M + B + die Jahreszahl, d.h. \u201eChristus segne dieses Haus\u201c. Dabei sammeln sie auch Geld f\u00fcr wohlt\u00e4tige Zwecke. <\/p><div id=\"ConnectiveDocSignExtentionInstalled\" data-extension-version=\"1.0.4\">\u00a0<\/div>\t\t\t\t\t\t\t\t<\/div>\n\t\t\t\t<\/div>\n\t\t\t\t\t<\/div>\n\t\t\t\t<\/div>\n\t\t\t\t<\/div>\n\t\t","protected":false},"excerpt":{"rendered":"<p>Am Samstag des Dreik\u00f6nigsfests ziehen die Jungen und M\u00e4dchen als die &#8220;Heiligen drei K\u00f6nige&#8221; verkleidet durch Maldingen und bringen den Menschen den Sternsingersegen. Dabei schreiben sie mit Kreide auf die Haust\u00fcr den alten Segenspruch: 20 * C + M + B + die Jahreszahl, d.h. \u201eChristus segne dieses Haus\u201c. Dabei sammeln sie auch Geld f\u00fcr &hellip;<\/p>\n","protected":false},"author":1,"featured_media":0,"parent":6809,"menu_order":0,"comment_status":"closed","ping_status":"closed","template":"template-fullwidth.php","meta":{"_mc_calendar":[],"footnotes":""},"class_list":["post-6814","page","type-page","status-publish","hentry"],"_links":{"self":[{"href":"https:\/\/www.maldingen.be\/index.php\/wp-json\/wp\/v2\/pages\/6814","targetHints":{"allow":["GET"]}}],"collection":[{"href":"https:\/\/www.maldingen.be\/index.php\/wp-json\/wp\/v2\/pages"}],"about":[{"href":"https:\/\/www.maldingen.be\/index.php\/wp-json\/wp\/v2\/types\/page"}],"author":[{"embeddable":true,"href":"https:\/\/www.maldingen.be\/index.php\/wp-json\/wp\/v2\/users\/1"}],"replies":[{"embeddable":true,"href":"https:\/\/www.maldingen.be\/index.php\/wp-json\/wp\/v2\/comments?post=6814"}],"version-history":[{"count":11,"href":"https:\/\/www.maldingen.be\/index.php\/wp-json\/wp\/v2\/pages\/6814\/revisions"}],"predecessor-version":[{"id":7462,"href":"https:\/\/www.maldingen.be\/index.php\/wp-json\/wp\/v2\/pages\/6814\/revisions\/7462"}],"up":[{"embeddable":true,"href":"https:\/\/www.maldingen.be\/index.php\/wp-json\/wp\/v2\/pages\/6809"}],"wp:attachment":[{"href":"https:\/\/www.maldingen.be\/index.php\/wp-json\/wp\/v2\/media?parent=6814"}],"curies":[{"name":"wp","href":"https:\/\/api.w.org\/{rel}","templated":true}]}}