{"id":837,"date":"2023-01-28T09:39:31","date_gmt":"2023-01-28T09:39:31","guid":{"rendered":"http:\/\/wpdemo.themnific.com\/pre\/04\/?page_id=837"},"modified":"2023-10-29T12:32:00","modified_gmt":"2023-10-29T12:32:00","slug":"wanderroute-3-laender-blick-77-km","status":"publish","type":"page","link":"https:\/\/www.maldingen.be\/index.php\/wanderungen-2\/wanderroute-3-laender-blick-77-km\/","title":{"rendered":"Wanderroute \u201c3-L\u00e4nder-Blick&#8221; &#8211; 7,7 km"},"content":{"rendered":"\t\t<div data-elementor-type=\"wp-page\" data-elementor-id=\"837\" class=\"elementor elementor-837\">\n\t\t\t\t<div class=\"elementor-element elementor-element-4726673 e-flex e-con-boxed e-con e-parent\" data-id=\"4726673\" data-element_type=\"container\" data-e-type=\"container\">\n\t\t\t\t\t<div class=\"e-con-inner\">\n\t\t\t\t<div class=\"elementor-element elementor-element-efef561 elementor-widget-divider--view-line elementor-widget elementor-widget-divider\" data-id=\"efef561\" data-element_type=\"widget\" data-e-type=\"widget\" data-widget_type=\"divider.default\">\n\t\t\t\t<div class=\"elementor-widget-container\">\n\t\t\t\t\t\t\t<div class=\"elementor-divider\">\n\t\t\t<span class=\"elementor-divider-separator\">\n\t\t\t\t\t\t<\/span>\n\t\t<\/div>\n\t\t\t\t\t\t<\/div>\n\t\t\t\t<\/div>\n\t\t\t\t\t<\/div>\n\t\t\t\t<\/div>\n\t\t<div class=\"elementor-element elementor-element-1b1c3e6 e-flex e-con-boxed e-con e-parent\" data-id=\"1b1c3e6\" data-element_type=\"container\" data-e-type=\"container\">\n\t\t\t\t\t<div class=\"e-con-inner\">\n\t\t\t\t<div class=\"elementor-element elementor-element-fb63198 elementor-widget elementor-widget-image\" data-id=\"fb63198\" data-element_type=\"widget\" data-e-type=\"widget\" data-widget_type=\"image.default\">\n\t\t\t\t<div class=\"elementor-widget-container\">\n\t\t\t\t\t\t\t\t\t\t\t\t\t\t\t<img fetchpriority=\"high\" decoding=\"async\" width=\"635\" height=\"502\" src=\"https:\/\/www.maldingen.be\/wp-content\/uploads\/2023\/10\/eingefuegt-am-05.04.2021.png\" class=\"attachment-large size-large wp-image-5533\" alt=\"\" srcset=\"https:\/\/www.maldingen.be\/wp-content\/uploads\/2023\/10\/eingefuegt-am-05.04.2021.png 635w, https:\/\/www.maldingen.be\/wp-content\/uploads\/2023\/10\/eingefuegt-am-05.04.2021-300x237.png 300w\" sizes=\"(max-width: 635px) 100vw, 635px\" \/>\t\t\t\t\t\t\t\t\t\t\t\t\t\t\t<\/div>\n\t\t\t\t<\/div>\n\t\t\t\t\t<\/div>\n\t\t\t\t<\/div>\n\t\t<div class=\"elementor-element elementor-element-3ddddcf e-flex e-con-boxed e-con e-parent\" data-id=\"3ddddcf\" data-element_type=\"container\" data-e-type=\"container\">\n\t\t\t\t\t<div class=\"e-con-inner\">\n\t\t\t\t<div class=\"elementor-element elementor-element-68b7a20 elementor-widget elementor-widget-text-editor\" data-id=\"68b7a20\" data-element_type=\"widget\" data-e-type=\"widget\" data-widget_type=\"text-editor.default\">\n\t\t\t\t<div class=\"elementor-widget-container\">\n\t\t\t\t\t\t\t\t\t<p>Knotenpunkte: 67 \u2013 99 \u2013 96 \u2013 3 \u2013 1 \u2013 2 \u2013 3 \u2013 96 \u2013 99 &#8211; 67<br \/>Wegl\u00e4nge: 7,7 km<br \/>Dauer: 1,5 Std.<br \/>Schwierigkeitsgrad: Leicht<br \/>Beste Jahreszeit: Alle Jahreszeiten m\u00f6glich<br \/>Tourenstart: Startpunkt an der Kirche, Parkm\u00f6glichkeiten vorhanden<br \/>Hinweis: Nicht kinderwagengerecht<\/p><div id=\"simple-translate\" class=\"simple-translate-system-theme\"><div><div class=\"simple-translate-button isShow\" style=\"background-image: url('moz-extension:\/\/2a906298-1a79-46da-ac1f-3023fa08a3ad\/icons\/512.png'); height: 22px; width: 22px; top: 29px; left: -11px;\">\u00a0<\/div><div class=\"simple-translate-panel \" style=\"width: 300px; height: 200px; top: 0px; left: 0px; font-size: 13px;\"><div class=\"simple-translate-result-wrapper\" style=\"overflow: hidden;\"><div class=\"simple-translate-move\" draggable=\"true\">\u00a0<\/div><div class=\"simple-translate-result-contents\"><p class=\"simple-translate-result\" dir=\"auto\">\u00a0<\/p><p class=\"simple-translate-candidate\" dir=\"auto\">\u00a0<\/p><\/div><\/div><\/div><\/div><\/div>\t\t\t\t\t\t\t\t<\/div>\n\t\t\t\t<\/div>\n\t\t\t\t\t<\/div>\n\t\t\t\t<\/div>\n\t\t<div class=\"elementor-element elementor-element-0f925bd e-flex e-con-boxed e-con e-parent\" data-id=\"0f925bd\" data-element_type=\"container\" data-e-type=\"container\">\n\t\t\t\t\t<div class=\"e-con-inner\">\n\t\t\t\t<div class=\"elementor-element elementor-element-cbd4305 elementor-widget elementor-widget-text-editor\" data-id=\"cbd4305\" data-element_type=\"widget\" data-e-type=\"widget\" data-widget_type=\"text-editor.default\">\n\t\t\t\t<div class=\"elementor-widget-container\">\n\t\t\t\t\t\t\t\t\t<div id=\"contentbox\"><div id=\"floatcontentright\"><div class=\"zparea zpgrid\" data-numcolumns=\"\" data-areaname=\"Standard\" data-pageid=\"535\"><div id=\"container_3269\" class=\"zpContainer first last hasNews \" data-zpeleel=\"container\" data-zpleid=\"3269\"><div class=\"zpRow standard \" data-row-id=\"185\"><div class=\"zpColumn odd zpColumnWidth1 c12 first last\" data-column-id=\"189\"><div class=\"zpColumnItem\"><div id=\"a1483\" class=\"articlearea zpwText\" data-article-id=\"1483\" data-zpleid=\"1483\"><p>WEGBESCHREIBUNG<\/p><p>Die Wanderung startet in der N\u00e4he der Kirche in Maldingen, am \u201cKnotenpunkt 67\u201c. Biegen Sie dort rechts ab. Folgen Sie dem Weg in Richtung \u201cKnotenpunkt 99\u201c. Die Wanderung f\u00fchrt entlang einiger Maldinger Dorfh\u00e4user. Sie kommen an einigen Wegkreuzen vorbei.<\/p><p>________________________________________<\/p><p><em>In Maldingen gibt es entlang der Dorfwege noch 7 steinerne Zeugen der tiefgl\u00e4ubigen Vergangenheit der Eifeler Bev\u00f6lkerung. Die fr\u00fcheren wahren Kunstwerke Generationen berichten von Krankheit, Not, Pein und Gottvertrauen.<\/em><br \/>________________________________________<\/p><p>TIPP: Nach 0,5 km k\u00f6nnen Sie der zus\u00e4tzlichen Beschilderung mit der Aufschrift \u201cDorftr\u00e4nke\u201c folgen.<\/p><p><em>Es ist ein kurzer Abstecher zu einem sch\u00f6nen Fleckchen Erde, das dem Wanderer Ruhe spendet und die Sch\u00f6nheit der Natur etwas n\u00e4herbringen m\u00f6chte \u2013 es lohnt sich! Interessante Informationen lesen Sie auf der dort aufgestellten Infotafel.<\/em><br \/>________________________________________<\/p><p>Gehen Sie \u00fcber den Holzsteg zur\u00fcck zum Wanderweg.<\/p><p>Dann biegen Sie links ab auf den Wanderweg, der nach Aldringen f\u00fchrt. Nach 200 m Fu\u00dfweg erreichen Sie den Wald. Sie folgen weiter dem \u201cKnotenpunkt 99\u201c und erreichen nach 1 km den Dorfkern von Aldringen. Folgen Sie der Hauptstra\u00dfe in Richtung \u201cKnotenpunkt 96\u201c.<\/p><p>Rechts sehen Sie das St. Martin-Denkmal.<\/p><p>________________________________________<\/p><p><em>Es wurde zu Ehren der aus Aldringen stammenden Gefallenen und Zivilopfer des 1. und 2. Weltkrieges errichtet. Unterhalb der Kirche, die dem Hl. Martinus geweiht ist, steht das alte Pfarrhaus. Es steht den Dorfvereinen und Gruppen f\u00fcr die Durchf\u00fchrung von Versammlungen und Aktivit\u00e4ten zur Verf\u00fcgung.<\/em><\/p><p><em>Auf dem Platz vor dem alten Pfarrhaus steht eine Infotafel. Die Informationen weisen auf die Bedeutung der alten Grenzsteine hin. Es lohnt sich diesen Text zu lesen.<\/em><br \/><em>____________________________<\/em>____________<\/p><p>Vom \u201cKnotenpunkt 96\u201c aus folgen Sie dann dem \u201cKnotenpunkt 3\u201c.<\/p><p>Sie durchqueren einen Teil der Ortschaft Aldringen, vorbei an der Kirche, der Schule, dem Caf\u00e9 Couturier und der Dorftr\u00e4nke.<\/p><p>Von hier aus gehen Sie in Richtung \u201cKnotenpunkt 1\u201c, und durchwandern eine Wald- und Wiesenlandschaft. Der Wald tr\u00e4gt den Namen \u201cLie\u201c.<\/p><p>Sie haben nun genau die H\u00e4lfte der Strecke hinter sich. Hier treffen Sie auf den ehemaligen Grenzweg (belgisch-preu\u03b2ische Grenze) und biegen rechts ab Richtung \u201cKnotenpunkt 2\u201c.<\/p><p>Eine Informationstafel erkl\u00e4rt ausf\u00fchrlich die interessante Geschichte dieser Grenze. Nun steigt der Weg 1 km leicht an.<\/p><p>Am \u201cKnotenpunkt 2\u201c angekommen, hat man einen herrlichen Blick in die Ferne. Man sieht Richtung Osten die D\u00f6rfer Aldringen, Maldingen und Thommen, bis hin zu den Windr\u00e4dern auf deutscher Seite. Nach S\u00fcden hin sieht man das Einkaufszentrum \u201cKnauf\u201c auf luxemburgischer Seite.<\/p><p>Der Weg ist die Grenze zwischen der Deutschsprachigen Gemeinschaft und dem franz\u00f6sischsprachigen Teil Belgiens, zwischen der Provinz L\u00fcttich und Luxemburg.<\/p><p>Ab hier gehen Sie wieder zur\u00fcck zu Ihrem Ausgangspunkt der Wanderung, und passieren somit die \u201cKnotenpunkte 3 \u2013 96 \u2013 99 \u2013 67\u201c.<\/p><p>\u00a0<\/p><\/div><\/div><\/div><\/div><\/div><\/div><\/div><\/div>\t\t\t\t\t\t\t\t<\/div>\n\t\t\t\t<\/div>\n\t\t\t\t\t<\/div>\n\t\t\t\t<\/div>\n\t\t<div class=\"elementor-element elementor-element-855340a e-flex e-con-boxed e-con e-parent\" data-id=\"855340a\" data-element_type=\"container\" data-e-type=\"container\">\n\t\t\t\t\t<div class=\"e-con-inner\">\n\t\t\t\t<div class=\"elementor-element elementor-element-b728f0e elementor-widget elementor-widget-button\" data-id=\"b728f0e\" data-element_type=\"widget\" data-e-type=\"widget\" data-widget_type=\"button.default\">\n\t\t\t\t<div class=\"elementor-widget-container\">\n\t\t\t\t\t\t\t\t\t<div class=\"elementor-button-wrapper\">\n\t\t\t\t\t<a class=\"elementor-button elementor-button-link elementor-size-sm\" href=\"https:\/\/maldingen.be\/media\/files\/wanderroute-3-laender-blick.pdf\" target=\"_blank\">\n\t\t\t\t\t\t<span class=\"elementor-button-content-wrapper\">\n\t\t\t\t\t\t\t\t\t<span class=\"elementor-button-text\">3-L\u00e4nder Blick<\/span>\n\t\t\t\t\t<\/span>\n\t\t\t\t\t<\/a>\n\t\t\t\t<\/div>\n\t\t\t\t\t\t\t\t<\/div>\n\t\t\t\t<\/div>\n\t\t\t\t\t<\/div>\n\t\t\t\t<\/div>\n\t\t\t\t<\/div>\n\t\t","protected":false},"excerpt":{"rendered":"<p>Knotenpunkte: 67 \u2013 99 \u2013 96 \u2013 3 \u2013 1 \u2013 2 \u2013 3 \u2013 96 \u2013 99 &#8211; 67Wegl\u00e4nge: 7,7 kmDauer: 1,5 Std.Schwierigkeitsgrad: LeichtBeste Jahreszeit: Alle Jahreszeiten m\u00f6glichTourenstart: Startpunkt an der Kirche, Parkm\u00f6glichkeiten vorhandenHinweis: Nicht kinderwagengerecht \u00a0\u00a0 \u00a0 \u00a0 WEGBESCHREIBUNG Die Wanderung startet in der N\u00e4he der Kirche in Maldingen, am \u201cKnotenpunkt 67\u201c. Biegen &hellip;<\/p>\n","protected":false},"author":1,"featured_media":0,"parent":892,"menu_order":0,"comment_status":"closed","ping_status":"closed","template":"template-fullwidth.php","meta":{"_mc_calendar":[],"footnotes":""},"class_list":["post-837","page","type-page","status-publish","hentry"],"_links":{"self":[{"href":"https:\/\/www.maldingen.be\/index.php\/wp-json\/wp\/v2\/pages\/837","targetHints":{"allow":["GET"]}}],"collection":[{"href":"https:\/\/www.maldingen.be\/index.php\/wp-json\/wp\/v2\/pages"}],"about":[{"href":"https:\/\/www.maldingen.be\/index.php\/wp-json\/wp\/v2\/types\/page"}],"author":[{"embeddable":true,"href":"https:\/\/www.maldingen.be\/index.php\/wp-json\/wp\/v2\/users\/1"}],"replies":[{"embeddable":true,"href":"https:\/\/www.maldingen.be\/index.php\/wp-json\/wp\/v2\/comments?post=837"}],"version-history":[{"count":13,"href":"https:\/\/www.maldingen.be\/index.php\/wp-json\/wp\/v2\/pages\/837\/revisions"}],"predecessor-version":[{"id":5856,"href":"https:\/\/www.maldingen.be\/index.php\/wp-json\/wp\/v2\/pages\/837\/revisions\/5856"}],"up":[{"embeddable":true,"href":"https:\/\/www.maldingen.be\/index.php\/wp-json\/wp\/v2\/pages\/892"}],"wp:attachment":[{"href":"https:\/\/www.maldingen.be\/index.php\/wp-json\/wp\/v2\/media?parent=837"}],"curies":[{"name":"wp","href":"https:\/\/api.w.org\/{rel}","templated":true}]}}